) - (-64 - -68)?
3, 13, 41
Suppose 2*g - 576 = 2*s + s, -3*s = -12. Suppose 0 = -w - 96 + g. What are the prime factors of w?
2, 3, 11
Suppose -9*a + 16*a = -14*a + 1209768. What are the prime factors of a?
2, 19, 379
Let n(a) = -9*a**2 - 20*a - 81. Let u(x) = 5*x**2 + 10*x + 41. Let v(q) = -4*n(q) - 7*u(q). List the prime factors of v(-6).
13
Suppose 0 = -2*i + 5*a + 54633, 3*i - 109593 + 27666 = 5*a. What are the prime factors of i?
2, 3, 4549
Suppose -u - 5*o - 9 = 0, 0 = -3*u + o + 25 - 4. List the prime factors of ((-386)/u)/((-5)/15).
193
Let w = 1 - -2. Let g(n) = -2*n + 21*n**3 - n**2 + 5*n**3 + 2 - 5*n**w. List the prime factors of g(1).
2, 5
Let d(b) = 13*b + 9. Suppose -4*s + w + w = -124, 0 = 2*w - 8. Let t = 38 - s. List the prime factors of d(t).
2, 37
Suppose 15 = 3*b, 2*v - 2*b + 3*b = 1103. Suppose -310 - 219 = k - 5*p, -5*p = k + v. Let u = -383 - k. What are the prime factors of u?
2, 3, 13
Let t(a) = -7*a**2 + 12*a + 21. Let y(r) = -r**2 - r. Let l(o) = -t(o) + 6*y(o). List the prime factors of l(-6).
3, 41
Suppose 39*v + 113615 = 153067 + 186709. List the prime factors of v.
3, 1933
Suppose 0 = -0*n - n + 234. Suppose n = -4*d + 82. Let o = d + 53. What are the prime factors of o?
3, 5
Let j(w) = -36*w - 38*w + 29 + 91*w - 34*w. What are the prime factors of j(-44)?
3, 7, 37
Let l = 1695 + -737. Let h = l + -394. What are the prime factors of h?
2, 3, 47
Suppose 0*c - 16 = -4*c, r + 131 = c. Let k = 32 - r. List the prime factors of k.
3, 53
Let y be 86404/10 - (-315)/(-225). Suppose 33*x + y = 86*x. List the prime factors of x.
163
Suppose 5*x + 3*s = 195985, -4*x - 4*s - 78394 = -6*x. List the prime factors of x.
19, 2063
Let q be ((-25)/(-10))/((-4)/(-376)). Suppose 1121 - q = 2*f. What are the prime factors of f?
443
Let w be 12/(-42) - 2/(-7). Let q(m) = -7*m - 3 + 10*m**2 + w*m + m**3 + 4 + 1. List the prime factors of q(-9).
2, 73
Let q = -37 + 39. Suppose 0 = 5*a + o - 3077, -q*o + 1019 = 5*a - 2060. List the prime factors of a.
3, 5, 41
Let q(o) = 4*o - 17. Let s be q(6). Let k(y) = 4*y - 19. Let i be k(s). Suppose -i*n - 47 + 920 = 0. What are the prime factors of n?
97
Let u(p) = -18*p - 18. Let n be u(-1). Suppose g - 188 = -3*o, -3*g - g - 2*o + 762 = n. What are the prime factors of g?
191
List the prime factors of (-1*(-5 + 1 + -1663))/((-2)/(-20)).
2, 5, 1667
Suppose 2*b = -2, 2*f - 182865 = -3*f + 5*b. List the prime factors of f/82 - (-2 - (-4)/1).
2, 3, 37
Let o(c) = c**3 - 4*c**2 - 20*c + 3. Let d = -91 - -98. Let s be o(d). Suppose -f + s - 2 = 0. What are the prime factors of f?
2
Let b = 46384 - 2748. Suppose -29*m + b = 15854. List the prime factors of m.
2, 479
Suppose 0*v + v - 1 = 0. Suppose v = 3*f - 8. Let a = f + 80. What are the prime factors of a?
83
Let j(n) = n**3 + 6*n**2 + n + 9. Let x be j(-6). Suppose -5*v - 3*z = -60, 0 = x*v + z - 34 - 2. Suppose 6*d = v*d - 96. What are the prime factors of d?
2
List the prime factors of (-15)/375 + 31941028/700.
2, 3, 5, 13
Let b(q) = q**2 + 3*q - 3. Let r be b(1). Suppose -r - 79 = -16*x. Suppose 139 = x*p - c, -42 = 4*p - c - 153. What are the prime factors of p?
2, 7
Suppose h - 75899 = -5*m, 29049 = 3*m - 4*h - 16449. List the prime factors of m.
2, 7589
Let h(g) be the first derivative of -g**4/4 + 16*g**3/3 + 19*g**2/2 - 37*g + 2. List the prime factors of h(15).
11, 43
Let h(w) = -60*w - 1096. What are the prime factors of h(-45)?
2, 401
Suppose 0*q = -3*q - 0*q. Let h(u) = u**3 - u**2 + 2*u + 779. Let c be h(q). What are the prime factors of (-5)/(-35)*-2 - c/(-7)?
3, 37
Let p be (-5 + 148/20)/((-6)/135). Let x = 47 + p. What are the prime factors of -3 - (x - 1) - -3?
2
Let k(q) = 2*q**2 - 9*q + 13. Let t be k(3). Suppose -13*z = 3*a - 8*z - 1734, t*z = -4*a + 2320. What are the prime factors of a?
11, 53
Let f = -46 + 213. Let n be (-4)/(0 - 8)*0. Suppose n = -5*w + 3*l + f, 27 + 72 = 3*w - 3*l. List the prime factors of w.
2, 17
Suppose -4*x + 25 = -3*n, 14*n - 3 = -x + 18*n. Suppose x*z = -z + 2120. What are the prime factors of z?
5, 53
Suppose -160*c + 2431936 = -18*c + 6*c. What are the prime factors of c?
2, 13, 79
Let n be 1/(-28)*-7 + 7/4. List the prime factors of 1853 - 4 - (0/1 + n).
1847
Let v(n) = 11*n**2 + 7*n - 122. Let j(f) = 13*f**2 + 7*f - 124. Let k(g) = 6*j(g) - 7*v(g). What are the prime factors of k(-27)?
2, 257
Let f be 3/((-8)/320*(-1)/2). List the prime factors of -3 - (252/30)/((-3)/f).
3, 223
Suppose 0 = -42*a + 46*a - 8. Suppose -5*q + a*m + 2294 = -8, m = q - 458. What are the prime factors of q?
2, 3, 7, 11
Suppose -9 = 2*f + 229. Let i = f + 201. List the prime factors of i.
2, 41
Suppose 0 = -47*o + 42*o - l + 35694, -5*o + 2*l + 35712 = 0. What are the prime factors of o?
2, 3, 5, 7, 17
Suppose -4*j + 44 = -2*j - 2*w, -4*w = -12. What are the prime factors of (-4)/(j/15 + -2)?
2, 3
Suppose -24*w + 7*w = -1934 - 7008. What are the prime factors of w?
2, 263
List the prime factors of (-9 - -39)/(12/5094).
3, 5, 283
Let h = -642 + 5052. List the prime factors of h.
2, 3, 5, 7
Let k = -3207 - -5864. List the prime factors of k.
2657
Let d = 59 + -48. Let y(r) = 11*r - 19. What are the prime factors of y(d)?
2, 3, 17
Suppose 0 = -2*h + 7*u - 3*u + 748, 2*u = 8. Let c = -29 + h. What are the prime factors of c?
353
Suppose 89*n = 91*n - 4. Suppose -k - n*p - p + 5 = 0, 0 = -3*k + p + 15. Suppose 0 = -0*g + g - 3*b - 83, g = -k*b + 51. What are the prime factors of g?
71
Let r(k) = 21*k**2 + 84*k + 2432. What are the prime factors of r(-22)?
2, 2687
Let z = -17 - -20. Suppose -2*s - z*t = -235 - 124, -2*t - 2 = 0. Suppose -5*c - 5*v + s = -3*c, 5*c - 4*v = 403. List the prime factors of c.
83
Let n = -579 + 337. Let v = 735 + n. What are the prime factors of v?
17, 29
Let f(s) = -s**3 + 8*s + 7. Suppose o - 6 + 9 = 0. Let j be f(o). Let q = j + 61. What are the prime factors of q?
71
Let y = -26122 - -46442. What are the prime factors of y?
2, 5, 127
Suppose 0 = 4*i + 4*k - 121500, 0 = -23*i + 22*i - 2*k + 30366. What are the prime factors of i?
2, 3, 211
Suppose -2*d = d - 60. Suppose -d = -z + 567. List the prime factors of z.
587
Suppose 0 = -2*a + 4*f + 24, -5*f = -2*a - 0*a + 29. Let s(q) = 2 - 11 + q - 2*q + 10*q + q**a. List the prime factors of s(-12).
3
Suppose 2537292 = 78*b - 1830942. List the prime factors of b.
56003
Let p be 36/378*18 - 4/(-14). Let o = -285 - -610. Suppose 0 = c + p*v - 143, 4*c + 3*v - o = 257. List the prime factors of c.
3, 7
Let q(c) = 31*c**2 + 31*c**2 + 90*c**2 + 4 - 5 + 6*c. What are the prime factors of q(2)?
619
Let r(w) = -2*w**2 + 11*w + 12. Let k be r(6). Let h be k*5/15*-11. Let z = h + 107. What are the prime factors of z?
5, 17
Suppose -418 = -4*m + 5*t, -2*m - 3*m + 500 = 5*t. Suppose 40*f - 232 = 36*f + 4*g, -4*f + 5*g = -228. Suppose -4*h + f + m = 0. List the prime factors of h.
41
Suppose -289463 = -9*c - 20210. What are the prime factors of c?
29917
Let c(o) = -o**2 + o + 2450. Let m be c(0). Suppose 11*y = 2742 + m. List the prime factors of y.
2, 59
Suppose 28*z + 4257 = 19*z. Let v = z + 937. List the prime factors of v.
2, 29
Suppose -6 = 22*m - 24*m. Suppose -m*v + 5*u + 1260 = 0, 4*u - 9 = 7*u. List the prime factors of v.
5, 83
Let p(z) = 184*z + 4. Let x(a) = -62*a - 1. Let o(v) = 2*p(v) + 7*x(v). What are the prime factors of o(-3)?
199
Suppose -29 = -18*b + 17*b. Suppose 2*d - 12 = -2*z + 2, 2*z + 5*d = b. Suppose -106 = -4*x + 2*v, 0*x + z*x - 55 = -v. What are the prime factors of x?
3
Let c = 79252 + -49088. List the prime factors of c.
2, 7541
Let a = -15 - -19. Let m(b) = -b**3 - 4*b**2 - 2*b + 5. Let i be m(-5). Suppose a*j = q + 151, -j + 2*q = q - i. What are the prime factors of j?
37
List the prime factors of (34/(-4))/((524/1310)/((-3176)/10)).
17, 397
Suppose -2*g + g = -1. Let p be 12 - 8 - g/(-1). Suppose -p*l + 610 = -4*b, 2*l - 4*b + 244 = 4*l. List the prime factors of l.
2, 61
Let p = 93 - 84. Suppose 0 = -7*l - p + 51. Suppose -3*k + l*k + 475 = 5*f, 5*f = 2*k + 470. What are the prime factors of f?
2, 23
Let d(s) = 56*s**2 + 21*s - 38. List the prime factors of d(23).
3, 13, 257
Let c be (-120525)/60 - 10/8. Let t = 3107 + c. What are the prime factors of t?
1097
Suppose -2194*v + 2199*v - 250725 = 0. What are the prime factor